{"id":34,"date":"2013-06-27T11:46:01","date_gmt":"2013-06-27T11:46:01","guid":{"rendered":"http:\/\/iontaoibheasfodhla.ie\/?page_id=34"},"modified":"2013-06-27T11:46:01","modified_gmt":"2013-06-27T11:46:01","slug":"oireachtas-na-gaeilge-i-gcorcaigh","status":"publish","type":"page","link":"http:\/\/iontaoibheasfodhla.ie\/?page_id=34","title":{"rendered":"Oireachtas na Gaeilge i gCorcaigh"},"content":{"rendered":"<p><em>Reacht\u00e1il coiste \u00e1iti\u00fail le taca\u00edocht Iontaoibhas F\u00f3dhla Oireachtas na Gaeilge i gCrocaigh sna blianta 2005 agus 2008.\u00a0 Deineadh \u00e9 seo le caoin chead Coiste N\u00e1isi\u00fanta na Gaeilge i mBaile tha Cliath.<\/em><\/p>\n<p>Do r\u00e9ir gach c\u00fantas d&#8217;eirigh athr barr leo.\u00a0 Chosain na iarrachta\u00ed seo m\u00f3ran airigid ar an t-Iontaoibheas.\u00a0 Bh\u00ed coiste l\u00e1idir \u00e1itiuil adhic bunaithe le baill \u00e9 eagra\u00ed\u00f3chta\u00ed gaeilge agus \u00fadar\u00e1is na catharach.\u00a0 Reacht\u00e1ileadh an f\u00e9ile ar fuaid na catharach ach \u00e9 l\u00e1rnaithe in st\u00e1n an RochestownPark.<\/p>\n<p><a href=\"http:\/\/www.youtube.com\/watch?v=b8v6HZABzoI\">Oireachtas 2008<\/a> utube<\/p>\n<p><a href=\"http:\/\/www.youtube.com\/watch?v=fjo7Q-cdGI0\">OIreachtas 2008 ar\u00eds<\/a><\/p>\n<p><a href=\"http:\/\/www.youtube.com\/watch?v=fjo7Q-cdGI0\">Clubn na Feile Oireachtas 2008<\/a><\/p>\n<p><a href=\"http:\/\/www.youtube.com\/watch?v=hhH0IBrb6kM\">Rinnce sean Nois\u00a0 le sproaoi Oirachtas 2008<\/a><\/p>\n<p><a href=\"http:\/\/www.youtube.com\/watch?v=H_fS7BQShJA\">Rinnce ar an sean nos OIreahctas 2008 Comortas<\/a><\/p>\n<p><a href=\"http:\/\/www.youtube.com\/watch?v=wiaFDoDirdE\">Comortas Sean-N\u00f3s -Oireachtas na Samhna 2008<\/a><\/p>\n","protected":false},"excerpt":{"rendered":"<p>Reacht\u00e1il coiste \u00e1iti\u00fail le taca\u00edocht Iontaoibhas F\u00f3dhla Oireachtas na Gaeilge i gCrocaigh sna blianta 2005 agus 2008.\u00a0 Deineadh \u00e9 seo le caoin chead Coiste N\u00e1isi\u00fanta na Gaeilge i mBaile tha Cliath. Do r\u00e9ir gach c\u00fantas d&#8217;eirigh athr barr leo.\u00a0 Chosain na iarrachta\u00ed seo m\u00f3ran airigid ar an t-Iontaoibheas.\u00a0 Bh\u00ed coiste l\u00e1idir \u00e1itiuil adhic bunaithe le&#8230;<\/p>\n","protected":false},"author":1,"featured_media":0,"parent":0,"menu_order":0,"comment_status":"open","ping_status":"open","template":"","meta":[],"_links":{"self":[{"href":"http:\/\/iontaoibheasfodhla.ie\/index.php?rest_route=\/wp\/v2\/pages\/34"}],"collection":[{"href":"http:\/\/iontaoibheasfodhla.ie\/index.php?rest_route=\/wp\/v2\/pages"}],"about":[{"href":"http:\/\/iontaoibheasfodhla.ie\/index.php?rest_route=\/wp\/v2\/types\/page"}],"author":[{"embeddable":true,"href":"http:\/\/iontaoibheasfodhla.ie\/index.php?rest_route=\/wp\/v2\/users\/1"}],"replies":[{"embeddable":true,"href":"http:\/\/iontaoibheasfodhla.ie\/index.php?rest_route=%2Fwp%2Fv2%2Fcomments&post=34"}],"version-history":[{"count":2,"href":"http:\/\/iontaoibheasfodhla.ie\/index.php?rest_route=\/wp\/v2\/pages\/34\/revisions"}],"predecessor-version":[{"id":36,"href":"http:\/\/iontaoibheasfodhla.ie\/index.php?rest_route=\/wp\/v2\/pages\/34\/revisions\/36"}],"wp:attachment":[{"href":"http:\/\/iontaoibheasfodhla.ie\/index.php?rest_route=%2Fwp%2Fv2%2Fmedia&parent=34"}],"curies":[{"name":"wp","href":"https:\/\/api.w.org\/{rel}","templated":true}]}}